factor of 3835 and 3185.
65
What is the greatest common factor of 70794 and 27?
27
Calculate the greatest common divisor of 46 and 896632.
46
Calculate the greatest common factor of 525 and 63105.
105
Calculate the greatest common factor of 28891 and 3340.
167
Calculate the greatest common divisor of 567676 and 556.
556
What is the greatest common divisor of 114 and 185466?
6
What is the greatest common factor of 3205 and 55?
5
Calculate the greatest common divisor of 8960 and 80.
80
Calculate the highest common divisor of 217358 and 1146.
382
Calculate the greatest common divisor of 548 and 7332.
4
What is the highest common divisor of 1376066 and 188?
94
Calculate the greatest common divisor of 209645 and 2185.
115
What is the greatest common divisor of 30660 and 4228?
28
What is the greatest common factor of 1700 and 301900?
100
Calculate the highest common divisor of 183162 and 21.
21
Calculate the greatest common factor of 91525 and 560.
35
Calculate the highest common factor of 8993 and 299.
23
What is the highest common divisor of 951171 and 52?
13
Calculate the greatest common divisor of 20532 and 30276.
348
Calculate the greatest common divisor of 2861704 and 201.
67
Calculate the highest common divisor of 80380 and 180.
20
What is the greatest common divisor of 42 and 23114?
14
Calculate the greatest common factor of 7203301 and 322.
161
Calculate the greatest common factor of 134 and 1786.
2
What is the highest common divisor of 63 and 59850?
63
What is the greatest common factor of 1806299 and 11?
11
Calculate the greatest common divisor of 75375 and 625.
125
Calculate the greatest common factor of 64977 and 13673.
121
Calculate the highest common divisor of 198 and 93192.
66
What is the highest common divisor of 93 and 2139?
93
What is the highest common factor of 7665 and 45?
15
What is the highest common divisor of 400 and 5200?
400
Calculate the highest common factor of 35682 and 4.
2
What is the highest common divisor of 90581 and 4169?
379
What is the greatest common factor of 126 and 39088?
14
What is the highest common divisor of 824549 and 22?
11
Calculate the highest common divisor of 28750 and 6050.
50
Calculate the highest common factor of 592 and 68.
4
What is the greatest common factor of 6661178 and 1070?
214
What is the highest common divisor of 1938 and 12393?
51
Calculate the highest common factor of 2562 and 262056.
366
Calculate the greatest common divisor of 2134236 and 39.
39
Calculate the highest common factor of 72 and 102498.
6
Calculate the highest common divisor of 3380 and 3250.
130
Calculate the highest common factor of 12925 and 2200.
275
What is the highest common factor of 853504 and 512?
512
What is the greatest common factor of 699029 and 361?
19
What is the greatest common factor of 3343840 and 320?
160
What is the greatest common divisor of 520 and 1946620?
260
What is the greatest common divisor of 1091539 and 1678?
839
Calculate the greatest common divisor of 502424 and 200.
8
Calculate the highest common factor of 3546 and 19098.
18
What is the greatest common divisor of 6123 and 241937?
157
Calculate the highest common factor of 60580 and 520.
260
What is the highest common divisor of 108671 and 401?
401
Calculate the greatest common divisor of 48184 and 456.
152
Calculate the highest common factor of 220 and 8090.
10
What is the highest common divisor of 115415 and 205?
205
What is the greatest common divisor of 569512 and 15512?
2216
Calculate the highest common divisor of 82 and 2657866.
82
What is the greatest common divisor of 2805 and 1302015?
165
Calculate the greatest common divisor of 97939 and 37.
37
What is the greatest common factor of 43876 and 161?
7
Calculate the highest common factor of 49 and 8239.
7
Calculate the greatest common divisor of 438 and 163374.
438
What is the greatest common factor of 52 and 31268?
4
What is the highest common factor of 332233 and 11?
11
Calculate the greatest common divisor of 42 and 406581.
21
Calculate the highest common divisor of 121380 and 735.
105
Calculate the greatest common divisor of 234 and 41886.
234
Calculate the greatest common factor of 343 and 1302371.
343
Calculate the highest common divisor of 17550 and 1235.
65
What is the highest common divisor of 147 and 112847?
49
Calculate the greatest common factor of 8358 and 6.
6
What is the highest common factor of 3 and 2733?
3
What is the highest common factor of 64 and 2000?
16
What is the highest common factor of 141 and 57105?
141
What is the greatest common factor of 96 and 138?
6
Calculate the highest common divisor of 1073397 and 234.
39
Calculate the greatest common factor of 14 and 102144.
14
Calculate the highest common divisor of 142 and 43097.
71
Calculate the highest common divisor of 158970 and 15.
15
Calculate the greatest common factor of 1575 and 136080.
315
What is the greatest common factor of 1351680 and 330?
330
What is the highest common divisor of 441598 and 133?
19
Calculate the highest common divisor of 498769 and 38.
19
Calculate the greatest common factor of 104027 and 4697.
77
Calculate the greatest common factor of 3460 and 705.
5
Calculate the highest common factor of 2615018 and 56.
14
What is the greatest common factor of 12085695 and 1035?
1035
What is the highest common divisor of 6 and 771?
3
What is the highest common divisor of 1229125 and 125?
125
What is the highest common divisor of 8406 and 246?
6
What is the highest common divisor of 1826 and 11537?
83
Calculate the greatest common factor of 153 and 24741.
9
Calculate the highest common factor of 15 and 2589.
3
What is the greatest common factor of 1207 and 1394?
17
What is the highest common factor of 1661 and 624083?
151
What is the greatest common factor of 5810 and 350?
70
Calculate the highest common divisor of 3201 and 5044.
97
Calculate the greatest common factor of 1912 and 208.
8
Calculate the greatest common factor of 50 and 27330.
10
Calculate the greatest common divisor of 136022 and 322.
46
Calculate the highest common factor of 49946 and 102.
34
What is the highest common divisor of 512 and 4008?
8
What is the greatest common divisor of 2175 and 274485?
435
What is the highest common factor of 5265 and 1485?
135
Calculate the greatest common divisor of 5658 and 9798.
138
Calculate the greatest common factor of 24856 and 108506.
478
Calculate the highest common divisor of 20232 and 72.
72
What is the greatest common factor of 20028 and 456?
12
Calculate the greatest common factor of 55924 and 4756.
164
Calculate the highest common divisor of 233827 and 957.
319
Calculate the highest common factor of 44 and 109164.
44
Calculate the greatest common divisor of 147 and 1433152.
49
Calculate the highest common factor of 8766 and 846.
18
What is the greatest common factor of 726 and 359854?
242
Calculate the greatest common factor of 2431704 and 24.
24
Calculate the highest common divisor of 21865 and 110.
5
What is the highest common divisor of 11304 and 1566?
18
Calculate the greatest common factor of 5364 and 95112.
36
What is the highest common factor of 79 and 54589?
79
What is the greatest common factor of 1099 and 245077?
1099
Calculate the highest common divisor of 1 and 97671.
1
What is the greatest common divisor of 174 and 196620?
174
Calculate the highest common divisor of 252285 and 43560.
1815
What is the highest common factor of 6723 and 8798?
83
Calculate the highest common factor of 298760 and 2310.
770
What is the highest common factor of 923151 and 759?
69
What is the highest common factor of 473 and 126764?
473
Calculate the highest common factor of 13978 and 9019.
29
Calculate the highest common factor of 163564 and 412.
412
What is the greatest common divisor of 2948 and 117652?
268
Calculate the greatest common factor of 894 and 1304346.
894
What is the greatest common factor of 10336 and 4522?
646
Calculate the greatest common factor of 512 and 25264.
16
Calculate the highest common divisor of 102 and 479162.
34
Calculate the greatest common factor of 299596 and 176.
44
What is the highest common divisor of 183864 and 163?
163
What is the greatest common factor of 132434 and 1?
1
What is the highest common factor of 127830 and 25?
5
Calculate the greatest co